the highest common divisor of n and 476.
28
Suppose 0 = 7*y - 2*y - 80. Suppose -4*x - y = -8*x. Let f be 2*(3 - (-2 + x)). Calculate the greatest common factor of f and 18.
2
Suppose 5*k = -4*n + 35, -4*n - 9 = -3*k + 4*k. Suppose -f - 5*p = -k, 2*f - 2 = 5*p + 5. Calculate the highest common factor of 42 and f.
6
Suppose v + 22*v - 477 = -30*v. What is the highest common factor of 489 and v?
3
Suppose 17639 = 30*w - 5461. What is the greatest common factor of 319 and w?
11
Let f be -1 + 3 + -119 + 0. Let q = f + 225. Suppose -2*j - b + 24 = 0, -35 - 1 = -3*j - 2*b. Calculate the highest common factor of j and q.
12
Let i(y) = 372*y**2 - 11*y + 11. Let d be i(-2). What is the greatest common factor of 234 and d?
117
Let y = -2714 - -2768. Calculate the highest common factor of 1431 and y.
27
Suppose -3*z + 81 = m - 50, -4*m - 2*z + 504 = 0. Let j be (900/27)/(4/6). Calculate the highest common factor of j and m.
25
Let l be 280/(-6)*78/(-52). Let u = 6 + 8. Calculate the highest common divisor of l and u.
14
Suppose 15*i - 16*i = -7. Suppose -i*m = -0*m - 315. What is the greatest common factor of m and 30?
15
Let c = 6527 + -2239. What is the highest common divisor of 192 and c?
64
Let z(g) = -3*g - 62 - 21 + 11 + 11*g. Let d be z(8). Let m be 11*(d/2 + 5). What is the greatest common factor of m and 253?
11
Let j = 5 - -67. Suppose j = -4*x + 108. Let n = 14 - 5. Calculate the highest common factor of x and n.
9
Let a = -19 + 20. Let j be -2 - a - -2 - (-4 + 4). Let s be (-428)/(-6) + ((-3)/9 - j). Calculate the greatest common divisor of 9 and s.
9
Suppose 3*v = w - 184, -5*w = 178*v - 174*v - 958. What is the highest common divisor of 969 and w?
19
Suppose m = 0, 2*s = 4*m + 241 - 7. Suppose 8866 = s*o - 106*o. What is the greatest common divisor of 26 and o?
26
Let p = 400 - 377. Suppose -6*s = p*s - 2320. Calculate the highest common divisor of s and 50.
10
Let a = -7502 + 7555. Calculate the highest common divisor of a and 1166.
53
Let l be ((-9)/(-30))/(12/120). Suppose -3*y = 4*o - 3322, l*o - 3*y = -8*y + 2486. What is the greatest common factor of o and 26?
26
Suppose -11952 = -21*x - 8550. What is the greatest common divisor of x and 222?
6
Let x be 4*(642/56 + 14/49). Let p = 51 - x. Let n be 3 + 28 + (p - 0). Calculate the highest common factor of n and 5.
5
Let f(s) = 2*s**3 - 6*s**2 + 4*s + 187. Let r be f(0). What is the greatest common divisor of r and 7?
1
Let f be (16 - 8 - -26) + 8. Let p be (f/15)/((-6)/(-90)). Calculate the greatest common divisor of p and 609.
21
Let q be (-1 - (-2 + 3))*(-135)/54. Suppose -71 = -3*u + q*o, -2*o = 2*u - 6*o - 44. What is the highest common factor of 2 and u?
2
Let x be 7/14 + (-34)/(-4). Let y = 795 + -336. Let w = -441 + y. Calculate the highest common divisor of w and x.
9
Let z = -248 - -95. Let p be 1792/18 + (-68)/z. Let f be 825/p + (-6)/(-8). What is the greatest common divisor of 45 and f?
9
Let q = -9 - -11. Let l = 525 - -11. Let t be 2 + l/q - (-8 - -8). What is the greatest common factor of 30 and t?
30
Let y = 21258 - 12162. What is the highest common factor of y and 24?
24
Suppose -3*k = -3*r - 3075, -4*k = 3*r - 4859 + 794. Suppose 53*x - k = 33*x. Suppose 0 = -5*o - 0*o + 2805. Calculate the greatest common factor of x and o.
51
Let h(c) = 1732*c - 4665. Let k be h(6). What is the highest common factor of k and 23?
23
Let u be 27*(-13)/(39/(-6)). What is the highest common divisor of 258 and u?
6
Let a be 612*((0 - 7) + 9 + -1). Calculate the greatest common factor of 663 and a.
51
Let x be -3 + -1 - (-822 - -817). Let y be (1 - -1)/((-2)/(-1)). What is the highest common divisor of x and y?
1
Suppose 7291 + 9192 = 232*t - 27133. Calculate the highest common factor of t and 152.
4
Suppose 171*z = -98014 + 3066745. What is the greatest common factor of 27 and z?
27
Suppose o - v - 66 = 0, o + 19*v = 16*v + 54. What is the highest common divisor of o and 657?
9
Let v be 456/171*(-15)/(-4). Let d = 0 - -5. Let f be (-8)/v - (-129)/d. Calculate the highest common factor of f and 15.
5
Let z(w) = -w**3 - 20*w**2 - 54*w + 21. Let v be z(-17). Let r = v - -48. What is the highest common factor of 32 and r?
8
Let w(p) = p**3 + 6*p**2 + 6*p + 7. Let q be w(-2). Suppose 0 = -q*f + 984 + 28. Calculate the highest common divisor of 69 and f.
23
Let k = 3069 + -1769. Suppose 21*t - 16*t = k. Calculate the highest common factor of t and 52.
52
Suppose 6*u - 1 = r + 5*u, 5*u = -5*r + 35. Let b be 13/(-4) + r + (-651)/(-28). Calculate the greatest common factor of 23 and b.
23
Suppose -2*n + 39 + 161 = 0. Let x(o) = o**2 - 2*o + 4. Let h be x(6). Suppose -32*m = -h*m - n. Calculate the highest common factor of 225 and m.
25
Let b = 10 + 18. Let c(g) = -2*g + 206. Let d(w) = -w. Let z(v) = c(v) + 2*d(v). Let u be z(34). What is the highest common factor of b and u?
14
Let x = 87 + 68. Suppose -5*o + 20*o = 60. Suppose 8 - 40 = -w - i, 0 = o*i - 4. What is the highest common divisor of w and x?
31
Let w = -448 + 453. Suppose -w*g + 200 = 3*l - 316, 0 = -l - 3. What is the highest common divisor of 45 and g?
15
Let d = 393 - -120. Suppose 12*r - 3267 = d. Calculate the highest common factor of 60 and r.
15
Let i = -19 - -19. Suppose 3*b - 180 = -i*b. Suppose -20*c - 2*g + 360 = -16*c, -360 = -4*c + 4*g. Calculate the greatest common divisor of c and b.
30
Let a(t) = 684*t - 2601. Let y be a(7). What is the greatest common factor of 18 and y?
9
Let k = 10352 + -10217. Let v = 58 - 92. Let b = 49 + v. What is the highest common divisor of k and b?
15
Suppose 4*v - 9*v - 3*q = -191, -188 = -5*v - 4*q. Let i be ((-48)/(-40))/(1/v). Let h be 4*(-62)/(-4) - -2. Calculate the highest common divisor of i and h.
16
Let r be 51 - (10 - (-140)/(-10)). What is the greatest common factor of 45 and r?
5
Let v(q) = -11*q - 119. Let b be v(-25). What is the greatest common divisor of 39 and b?
39
Suppose 3373*q - 2516 = 3336*q. What is the greatest common factor of q and 292?
4
Let d(r) = 32*r + 32. Let t(s) = s**2 - 2*s - 35. Let h be t(7). Let i be d(h). Calculate the highest common divisor of i and 112.
16
Let u = -5384 - -5512. Calculate the highest common divisor of u and 232.
8
Let s be ((4 - 1)/6)/((-1)/(-242)). Suppose -2*h + s = -383. What is the greatest common divisor of h and 28?
28
Suppose 4*k + 8*f = 4*f - 408, -2*f = -4*k - 408. Let s be 7/(-9 + -5) - k/4. What is the greatest common divisor of s and 10?
5
Suppose -2744 = -5*w - 3*f, 123*w + f = 126*w - 1624. Calculate the greatest common factor of w and 208.
16
Suppose 8*j = 13*j + 15. Let b be 75/50*(-8)/j. Calculate the greatest common divisor of b and 24.
4
Let y be -2*3/(-3) - -18. Suppose 44*d + 146 - 518 = 13*d. Calculate the highest common divisor of y and d.
4
Let u be (-1035)/40*(-136)/51. Calculate the greatest common divisor of u and 243.
3
Suppose -4*v = -3*a - 41, 5*a + 4*v = 8*v - 79. Let y = 20 + 7. Let u = a + y. Calculate the highest common factor of u and 4.
4
Let d = 28 - 17. Let x = 75 - 36. Suppose -x*i = -31*i - 792. What is the highest common divisor of d and i?
11
Suppose -525*o + 508*o + 272 = 0. Calculate the highest common factor of o and 568.
8
Suppose -u = -3*u + 244. Suppose -343 = -5*w + u. Suppose -w = -0*l - 5*l + 3*i, -2*l = -4*i - 26. What is the greatest common factor of 189 and l?
21
Let f = -11 + 15. Suppose 4*g = -16, -163*x + 5*g + 36 = -159*x. Let j be f*x/80 - 59/(-5). Calculate the greatest common factor of j and 132.
12
Let f = 1 - -13. Let c be (-7365)/(-210) - 3/42. Calculate the greatest common divisor of f and c.
7
Let x = 780 + -772. Let n be 1/(-1 - 14/(-12)). Suppose x*y = n*y + 34. Calculate the highest common divisor of y and 51.
17
Let y(z) = 65*z - 698. Let p be y(13). What is the greatest common divisor of p and 105?
21
Suppose q + 3*j - 292 = 543, -2489 = -3*q - 5*j. Suppose 5*x - 410 = 4*x + 2*o, -2*x = -3*o - q. Calculate the greatest common factor of 13 and x.
13
Let x = -37 - -61. Suppose 0 = v - 37 + x. Let k(r) = -r + 39. Let n be k(v). What is the highest common factor of 78 and n?
26
Let v = 0 - -2. Let s(y) = 7*y**2 - 3*y + 20. Let c be s(-8). Let r = 504 - c. What is the greatest common divisor of v and r?
2
Suppose -4*i - 1678 = -614. Let x = -162 - i. What is the gr